{"id":28,"date":"2015-06-21T15:07:03","date_gmt":"2015-06-21T15:07:03","guid":{"rendered":"http:\/\/cc-pompejanum.de\/?page_id=28"},"modified":"2018-05-25T17:40:23","modified_gmt":"2018-05-25T17:40:23","slug":"kontakt","status":"publish","type":"page","link":"https:\/\/cc-pompejanum.de\/?page_id=28","title":{"rendered":"Kontakt"},"content":{"rendered":"<p>Die Chuchi Pompejanum ist eine geschlossene Gruppe ohne\u00a0 Vereinsstatus, in der die Freude an Koch- und E\u00dfkultur gepflegt wird.\u00a0 Kommerzielle oder politische Aspekte gibt es bei uns nicht.<\/p>\n<p><a href=\"https:\/\/cc-pompejanum.de\/?page_id=30#a15\" target=\"_blank\" rel=\"noopener\">Wir verweisen dabei auf unsere Datenschutzrichtlinie.<\/a><\/p>\n<p>Wenn Sie uns unabh\u00e4ngig davon kontaktieren m\u00f6chten, k\u00f6nnen Sie das gerne per <a href=\"mailto:office@internist-ab.de\">eMail<\/a> tun.<\/p>\n","protected":false},"excerpt":{"rendered":"<p>Die Chuchi Pompejanum ist eine geschlossene Gruppe ohne\u00a0 Vereinsstatus, in der die Freude an Koch- und E\u00dfkultur gepflegt wird.\u00a0 Kommerzielle oder politische Aspekte gibt es bei uns nicht. Wir verweisen dabei auf unsere Datenschutzrichtlinie. Wenn Sie uns unabh\u00e4ngig davon kontaktieren m\u00f6chten, k\u00f6nnen Sie das gerne per eMail tun.<\/p>\n","protected":false},"author":1,"featured_media":0,"parent":25,"menu_order":1,"comment_status":"closed","ping_status":"open","template":"","meta":{"footnotes":""},"_links":{"self":[{"href":"https:\/\/cc-pompejanum.de\/index.php?rest_route=\/wp\/v2\/pages\/28"}],"collection":[{"href":"https:\/\/cc-pompejanum.de\/index.php?rest_route=\/wp\/v2\/pages"}],"about":[{"href":"https:\/\/cc-pompejanum.de\/index.php?rest_route=\/wp\/v2\/types\/page"}],"author":[{"embeddable":true,"href":"https:\/\/cc-pompejanum.de\/index.php?rest_route=\/wp\/v2\/users\/1"}],"replies":[{"embeddable":true,"href":"https:\/\/cc-pompejanum.de\/index.php?rest_route=%2Fwp%2Fv2%2Fcomments&post=28"}],"version-history":[{"count":5,"href":"https:\/\/cc-pompejanum.de\/index.php?rest_route=\/wp\/v2\/pages\/28\/revisions"}],"predecessor-version":[{"id":866,"href":"https:\/\/cc-pompejanum.de\/index.php?rest_route=\/wp\/v2\/pages\/28\/revisions\/866"}],"up":[{"embeddable":true,"href":"https:\/\/cc-pompejanum.de\/index.php?rest_route=\/wp\/v2\/pages\/25"}],"wp:attachment":[{"href":"https:\/\/cc-pompejanum.de\/index.php?rest_route=%2Fwp%2Fv2%2Fmedia&parent=28"}],"curies":[{"name":"wp","href":"https:\/\/api.w.org\/{rel}","templated":true}]}}